et x(y) be the second derivative of y**5/4 - y**4/6 + y**2/2 + 3*y. What is x(1)?
4
Suppose 5 + 10 = 5*m. Let s(l) = 2*l - 2. Give s(m).
4
Let q be 32/12 - (-2)/(-3). Let s(k) = 3*k + 2 - q*k + 0*k + 0. What is s(-6)?
-4
Let l(r) = 2*r**2 + 2*r + 2. Suppose 3*t + 2*b = -6, -t + 3*b - 2 = 4*b. Calculate l(t).
6
Let i(s) = -4*s + 52. Let l be i(14). Let p(a) = a**3 + 5*a**2 + a - 3. Calculate p(l).
9
Let k(r) = r**3 + 11*r**2 + 12*r + 14. Suppose 5*t + 20 = 0, s = -0*s - 2*t - 18. Determine k(s).
-6
Let a(r) = r**2 + 9*r - 4. Let w be -9 - 0 - 0/(-6). Determine a(w).
-4
Let j(s) = -s**2 - s + 2. Suppose 5*f = -15, -5*c + 3*f + 22 = -7. Suppose -4*b = -y - 8*b - 17, -c*y - 32 = 4*b. Let u be (-2)/y*(-3 - 2). Give j(u).
0
Let x be (-1 - (-2 - 0))*5. Let z(y) = y - 9. Let k be z(x). Let q(t) = t**2 + 7*t + 6. Calculate q(k).
-6
Suppose -7*f + 3*f = -8. Let y(q) = 116*q - 59*q - 58*q. Determine y(f).
-2
Let w(g) = -14*g + 1. Let d(a) = -7*a + 1. Let h(j) = -5*d(j) + 3*w(j). Determine h(-2).
12
Let h = 2 - 4. Let r(o) = -o**2 - 3*o + 3. Let s(t) = t + t**2 + 2*t - 3 - 4 + 5. Let m(x) = 3*r(x) + 4*s(x). What is m(h)?
-1
Suppose 3*i - 1 = -4*l + 4*i, 2 = 5*l - 2*i. Let o(b) = 2*b**2 - 4*b + l*b**2 - b**2 + 1. Let g = 34 - 32. Calculate o(g).
-3
Let d = 6 - 17. Let s = -7 - d. Let v(b) = 6*b**3 - 9*b**2 - 3. Let y(k) = 5*k**3 - 8*k**2 - 3. Let r(p) = s*v(p) - 5*y(p). Calculate r(4).
3
Let l(m) = 3*m + 4. Suppose -6*x - 15 = -x. What is l(x)?
-5
Let r(z) = z**2 - 5*z - 3. Suppose -5 = -a - 1. Suppose 7 = -x + a*x - t, 3*x - 27 = -3*t. Calculate r(x).
-7
Let v(i) be the first derivative of -i**4/4 + 2*i**3 - 7*i**2/2 + 2*i + 86. Let c be (-5)/(-1)*(1 + 0). Calculate v(c).
-8
Let u(r) = -r**2 - 6*r + 4. Let y be u(-6). Suppose 3*o = y*m + o - 26, -m = -3*o - 14. Let i(q) = -2*q + 0 + m - 3. What is i(2)?
-2
Let q = 12 - 8. Let x(v) = -2*v - q*v**2 + 6*v**2 + 4 - 3*v**2. Let c = 5 - 9. Calculate x(c).
-4
Let i = 8 + -5. Suppose -5*f = -i*f + 4. Let n(t) be the second derivative of -t**4/12 - t**3/6 + t**2 - 2*t. Give n(f).
0
Let k(g) be the first derivative of g**3 - 1/2*g**2 - 3 - 1/2*g**4 - 2*g. Let j be (-3)/(-2)*(-16)/(-12). Calculate k(j).
-8
Let v(y) = -y**3 - 3*y**2 + 2*y - 2. Let d = 44 - 48. What is v(d)?
6
Let l(u) = -3*u + 2*u - 7 + 2. Let v(t) = t**2 + 4*t - 1. Let o be v(-3). What is l(o)?
-1
Let g(q) = -q - 7. Let f be 0/(2*(-1 - -2)). What is g(f)?
-7
Suppose 0 = -5*o - 4*c + 4, -3*o + 2*c + 28 = -2*c. Suppose 6 = -4*s - 6. Let k = s + o. Let u(d) = 6*d**2. What is u(k)?
6
Suppose -2*s = -5*f + 33, -f + 0 - 7 = 3*s. Let t(o) = -o**3 - 3*o**2 + 5*o + 1. Calculate t(s).
-3
Let f(u) = 2*u + 12. Let d be f(-8). Let k(p) be the third derivative of -p**5/60 - p**4/8 + p**3/3 + 4*p**2. Determine k(d).
-2
Let b(t) be the second derivative of -5*t**3/6 + 3*t**2/2 - t. Let a = 3 + -1. Give b(a).
-7
Let p(q) be the third derivative of -q**6/120 - q**5/15 + 5*q**4/24 + q**3/2 - 2*q**2. Let d be 2 + -2 + (-3 - 2). What is p(d)?
3
Let h(k) = 31 - 2 + 9*k**3 + 16*k**2 + 0*k**3 + 4*k**3 + 4*k. Let z(y) = -3*y**3 - 4*y**2 - y - 7. Let l(s) = 2*h(s) + 9*z(s). Calculate l(-4).
-1
Let n(x) be the second derivative of 0 - 1/2*x**4 - x + 1/2*x**3 + 1/20*x**5 + 5/2*x**2. Determine n(5).
-5
Let f(x) = -x**3 - 4*x**2 - 4*x + 1. Suppose -24 = -q + 7*q. What is f(q)?
17
Let m(h) = -4*h**2 - 5*h + 10. Let q(o) = -9*o**2 - 10*o + 21. Let u(p) = 7*m(p) - 3*q(p). Suppose -i = 8*y - 3*y - 9, -2*y = -i - 12. Calculate u(i).
1
Let g(w) = w**2 + 11*w - 2. Let r be g(-11). Let f(n) = -n. Let a(x) = 4*x + 2. Let z(u) = r*a(u) - 6*f(u). Suppose -o = l + 8, o - 5*l + 4 = 14. What is z(o)?
6
Let w(d) = -7*d - 9. Let a(c) = -4*c - 4. Suppose -v + 5*v = 12. Let i(s) = v*w(s) - 5*a(s). Give i(-6).
-1
Suppose 20 = 4*f - 4*d, 5*d - d = -3*f - 20. Let n(i) = i + 13. Let x(v) = v + 11. Let g(o) = 4*n(o) - 5*x(o). What is g(f)?
-3
Let b = 2 - -1. Suppose 0 = 5*q - 0*q. Let h(x) = x + 0*x - 2 + q*x. What is h(b)?
1
Let h(r) be the second derivative of -1/2*r**2 + r + 0 - 1/3*r**3. Determine h(-2).
3
Let i(j) = -j**2 + 480*j - 490*j + 0*j**2 - 8. What is i(-9)?
1
Let p(x) = -x**2 + 7*x + 5. Let u(w) = 2*w**2 - 8*w - 6. Let z(n) = -4*p(n) - 3*u(n). Let o(i) be the first derivative of z(i). What is o(-3)?
8
Suppose -2*k - 8 = -2*i, 0 = 2*k - 2*i - 2*i + 16. Let n(b) = k*b + b - 3*b - 1. Determine n(3).
-7
Let k(f) = 3 - 108*f - 109*f + 231*f. Calculate k(-2).
-25
Suppose 6 = 4*d + 30. Let g(i) = 9*i - 5*i**3 + 5*i**3 - i**3 - 3*i - 5*i**2. What is g(d)?
0
Let o(w) = 19*w - 1 - 17*w + 0 - 2. What is o(3)?
3
Let o(w) be the third derivative of -w**5/60 + w**4/24 + w**3/6 + 7*w**2. Give o(2).
-1
Let n(x) = -4*x**3 + x**2 + 13*x - 17. Let j(v) be the first derivative of -v**4/4 + 3*v**2/2 - 4*v + 5. Let g(d) = -9*j(d) + 2*n(d). Calculate g(-2).
4
Let f(v) = 2*v - 1. Let t be ((-2)/4)/((-11)/66). What is f(t)?
5
Let w(c) = c**2 + 6*c - 4. Let y(j) = j**3 - 13*j**2 + j - 19. Let l be y(13). Let v = 0 + l. Determine w(v).
-4
Let v(j) be the second derivative of 0 - 8*j - 1/12*j**4 + 1/6*j**3 + j**2. Give v(2).
0
Let x = 22 - 26. Let f(c) = -c + 1. Calculate f(x).
5
Let y(i) = i**3 - i**2 + i. Let s(h) = 4*h**3 - 7*h**2 + 2*h - 1. Let q(l) = s(l) - 3*y(l). Calculate q(4).
-5
Let q(j) be the second derivative of 1/20*j**5 + 6*j - 5/6*j**3 + 0 + 1/3*j**4 - 3/2*j**2. Determine q(-5).
-3
Suppose -3*v = -6*v + 3. Let f(p) = 4*p. Give f(v).
4
Let u(c) = -5*c**2 + 12*c - 12. Let p(b) = -3*b**2 + 8*b - 8. Let j(w) = 8*p(w) - 5*u(w). Suppose -2*z - 28 = 5*g, -z - 5*g - 14 - 10 = 0. What is j(z)?
-4
Let r(w) = 2*w**2 + w. Let y(g) = 7*g**2 + 3*g - 11. Let n(l) = 3*r(l) - y(l). What is n(0)?
11
Let s(a) = -6 - 3*a**3 - 9*a**2 + 5*a**2 + 6*a + 0*a + 4*a**3. Give s(4).
18
Let o = 6 - -4. Let p = o + -13. Let f(r) = -r**2 - 3*r - 1. What is f(p)?
-1
Let b(y) = 2*y + 3. Let z(h) = 5*h + 5. Suppose -g + 3*o = -16, 5*g + 0*o = -o. Let d(x) = 4*x - 1. Let m be d(g). Let w(n) = m*z(n) - 7*b(n). Determine w(0).
-6
Suppose 2 = 2*k - 2*s, s + 0*s = 2*k - 2. Let p(g) = 8*g**2 + 2*g - 1. What is p(k)?
9
Let k(d) be the first derivative of -d**2 + 4*d - 16. What is k(5)?
-6
Suppose -5*s - 1 = -r - 18, -5*r = -s + 13. Suppose -2*y + 0*y = 10. Let k be y*(r/10 - -1). Let t(i) = i**3 + 4*i**2 - 2*i - 2. Calculate t(k).
6
Let s(x) = x**2 - x - 1. Let o(q) = q. Let z(v) = -o(v) - s(v). What is z(4)?
-15
Suppose -40 = -3*o - 2*k, -3*o + 47 + 13 = -3*k. Let r(x) = o + 5*x**2 + 5*x - 4*x**2 - 14. Give r(-5).
2
Let g(o) = -o**3 - 2*o**2 + 4*o + 2. Let u be (-584)/(-32) + 1/(-4). Suppose 0 = -5*k - j - u, 0*j + 3 = -2*k + j. Determine g(k).
-1
Suppose 6*n = 3*n - 12. Let c(w) be the third derivative of -w**7/5040 - w**6/90 - w**5/30 + w**2. Let x(g) be the third derivative of c(g). Calculate x(n).
-4
Suppose l = 3*l - 6. Let c(u) be the first derivative of u**2 + 3*u - 3. Determine c(l).
9
Suppose 5*p - 12 = -32. Let b(s) = s**2 + 4*s + 4. What is b(p)?
4
Let p(f) be the second derivative of -f**4/12 + 7*f**2/2 + 37*f. What is p(0)?
7
Let s(t) = -t**3 + 6*t**2 - 4*t - 2. Let q be 15/10 + 14/4. What is s(q)?
3
Let b(y) be the third derivative of y**5/15 + y**4/24 - y**3/6 - 17*y**2. Determine b(2).
17
Let d(n) = -5*n**2 + 4*n**2 - 4 - 5 + 7*n. Let h = -103 - -109. Give d(h).
-3
Let h(j) be the second derivative of j**7/840 - j**6/60 + j**5/120 - j**4/6 - j**3/6 + j. Let z(v) be the second derivative of h(v). Give z(6).
2
Suppose 2*n - 2*d = 12 + 10, 4*n - 3*d = 39. Let i(z) = -z**3 + 6*z**2 + 3*z - 5. What is i(n)?
13
Let r(w) = -8*w**3 - 4*w**2 + 1. Let d(j) = 32*j**3 + 17*j**2 - 4. Let v(t) = -2*d(t) - 9*r(t). Suppose -2*x + 9 = 5*p + 2, p + 2 = 3*x. What is v(x)?
9
Suppose 3*h = v - 3*v + 16, 2*h = 5*v - 40. Let q = v + -12. Let l(g) = g - 9. Let s(j) = -j + 1. Let d(z) = l(z) + 4*s(z). Calculate d(q).
7
Let g(k) be the third derivative of k**4/24 + k**3/6 - 7*k**2. Determine g(-5).
-4
Let g(p) be the first derivative of 7*p - p**2 - 12*p - 3 + p. Calculate g(-5).
6
Let u(m) = -5*m**3. Let j be 24/(-3) - (-6)/2. Let f be ((-6)/(-30))/((-1)/j). Give u(f).
-5
Let x(o) = o + 3. Suppose 2*b = 3*q - 3*b - 47, -q + 44 = 4*b. Suppose 0 = -3*k - 4*a - 28, -2*a - q = 4*k. What is x(k)?
-1
Let k(y) = -y - y**2 + y + 0*y + 7*y - 2. What is